
Suppose -3*w + 2*q + 0*q + 1 = 0, 10 = -2*w - 4*q. Let m be (0 - 11)*w - -1. Suppose -d = -4*d + m. What is the units digit of d?
4
Let t(w) be the first derivative of -w**4/4 + 3*w**3 - 5*w**2 + 7*w + 3. Let x be t(6). Suppose 2*h - 7*h = -4*o + x, -h = -1. What is the tens digit of o?
1
Let r(u) = -u + 6 + 2*u - 4*u + 0*u. What is the tens digit of r(-3)?
1
Let s(r) = -r**3 - 4*r**2 - r + 3. Let y be (-1 + 2 + -2)/1. Let k = -5 - y. What is the units digit of s(k)?
7
Let n = 5 + -1. What is the units digit of (-18)/1*(-2)/n?
9
Suppose p = -7 - 7. Let n = 28 + p. What is the units digit of n?
4
Let w = 13 + -8. Suppose 0 = -4*m + 5*m - 5*k - 21, k = -w*m + 1. What is the units digit of m?
1
Suppose x = 4*x + 9. What is the tens digit of 1*-13*(x - -2)?
1
Let z = -5 - -9. Let t = -1 + z. What is the units digit of t?
3
Let n = -31 + 16. Let f = -9 - n. What is the units digit of f?
6
Let y(j) = 22*j**2 - 7*j - 11. What is the hundreds digit of y(-3)?
2
Suppose v + 4*n + 73 = 6*v, -79 = -5*v + 2*n. What is the units digit of v?
7
What is the units digit of (4 - -2)/2 + 37?
0
Let w(k) = -k - 1. Suppose -2*y = 1 + 11. What is the units digit of w(y)?
5
Let k(a) = 4*a - 14. What is the tens digit of k(7)?
1
Suppose -5 = y, -o + 7 = -2*o - y. What is the units digit of (-6 - -7)/(o/(-34))?
7
What is the units digit of 18 + 3/(4/4)?
1
Let t be (3/(-3 + 0))/(-1). Let i = t + -3. What is the units digit of 1/i*(0 - 12)?
6
Suppose -34 = -4*f + 26. What is the units digit of f?
5
Let j = 10 + 0. Let t = -1 + j. What is the units digit of t?
9
Suppose -5*f - 15 = t - 2, 3*t = f - 7. Let j(g) = 4*g**2 - g - 1. What is the tens digit of j(f)?
1
Let f = 10 + 18. What is the tens digit of f?
2
Let r(m) be the first derivative of 7*m**2/2 - 2*m + 8. What is the tens digit of r(2)?
1
Suppose -m = 5 - 0. Let o = m - -12. Let i(k) = 2*k - 4. What is the tens digit of i(o)?
1
Suppose -2*h + 4*l = 26, 5*h + 5*l - 2*l = 0. Let v be -1*3 - 3/h. Let m(z) = 2*z**2 - 2*z - 1. What is the tens digit of m(v)?
1
Suppose -3*m + 2*g + 2*g = 5, 4 = -g. Let u = m - -12. Let b = u - -7. What is the units digit of b?
2
Let k(n) = -n**3 + 10*n**2 + n + 11. Let z be k(9). Suppose -i = -4*g + z + 35, -5*i - 20 = 0. What is the units digit of g?
3
Let f(x) be the third derivative of 0 + 7/6*x**3 - 2*x**2 + 0*x - 1/24*x**4. What is the tens digit of f(-9)?
1
Let i(n) = 3*n. Let s be i(1). Suppose -s*d - 35 + 11 = 0. Let u(b) = -b**3 - 7*b**2 + 8*b + 6. What is the units digit of u(d)?
6
Suppose -24 = -3*l + 2*l. Suppose -4*a - 4*s + l = 0, s + 4*s - 21 = -4*a. What is the units digit of (3/a)/((-3)/(-9))?
1
Suppose 0 = 7*l - 2*l - 10. Suppose -l*o = -6 - 26. What is the units digit of o?
6
Let d(m) = m**3 - 12*m**2 + 4*m - 21. What is the hundreds digit of d(13)?
2
Suppose 7*t - 12 = 3*t. Suppose -t = 3*w - 27. Let f = w + -5. What is the units digit of f?
3
Let f be 0 + (-1)/(-1) - -17. Suppose p = -4*x + 57 - f, 0 = 3*p + 15. What is the tens digit of x?
1
What is the units digit of 122 + (-3 - 0)/(3/(-2))?
4
Suppose 2*o - 2 + 5 = -5*u, -2*u - o = 2. What is the tens digit of (u + -5)/((-1)/5)?
2
Let a(w) = -9*w - 1. Let g be a(-4). What is the units digit of (g/3)/(1/3)?
5
Let f(y) be the third derivative of y**6/120 - 3*y**5/20 + 3*y**4/8 + 5*y**3/6 + y**2. What is the tens digit of f(8)?
1
Let g = 58 + -40. What is the units digit of g?
8
Let p(l) = -l**3 - 8*l**2 - 5*l - 9. Let z be p(-8). Let b = -15 + z. What is the tens digit of b?
1
Let t(l) = -l**2 + 14*l - 11. Let d be t(13). Suppose -n - d*y + 4 = n, n = -3*y - 6. What is the units digit of n?
6
Suppose -r + 0 = -4*j - 1, -3*j = 3*r - 3. What is the units digit of 5 - (0 - j/3)?
5
Let k(u) be the third derivative of u**5/60 - 5*u**4/24 + 2*u**3/3 - 2*u**2. Let j be k(7). What is the units digit of 12/j*(-51)/(-2)?
7
Let o(y) = 3*y + 8. Let l be o(8). Suppose 0 = -2*f + 2*m + l, -3*m = -f - 0*f + 22. Let w = f + -1. What is the units digit of w?
2
Suppose -12*i = -21 - 39. What is the units digit of i?
5
Let l = -36 - -61. Suppose 0 = -2*r - f + 15, -2*r + r + l = 4*f. What is the units digit of r?
5
Suppose -2*l + 144 - 48 = 0. What is the tens digit of l?
4
Let d(y) = 11*y - 1. Let m be d(1). Suppose -4*x - 3 = b + x, 2*x = -2*b + m. Let i = b + -3. What is the units digit of i?
4
Let q = -9 + 9. Suppose -5*o - 3*k + 30 = -0*o, -5*k = q. What is the units digit of o?
6
Let p be ((-12)/(-8))/(4/(-48)). Let l = p - -21. What is the units digit of l?
3
Suppose 135 = w + 4*w. Let b = -19 + w. Let i = -5 + b. What is the units digit of i?
3
Suppose -2*t = 3*w - 4, 0*w + 10 = -w + 5*t. Suppose w = -7*d + 5*d + 18. What is the units digit of d?
9
Let p(r) = -r**2 + 8*r + 2. Let v be p(7). Suppose 0 = 3*j + 3*a - v, 4*j + 4*a - 15 = a. What is the units digit of j?
6
Let x = 27 - -153. What is the hundreds digit of x?
1
Suppose -o = o. Let j = 0 - o. Suppose j = 5*z - 1 - 4. What is the units digit of z?
1
Let b(a) be the second derivative of a**4/12 + 13*a**2 - 5*a. What is the units digit of b(0)?
6
Let c be 1062/42 + (-2)/7. Suppose 2*s + 0*f - 3*f = -15, -f = -2*s - c. What is the units digit of 5 - s - (4 - 1)?
7
Let g(k) = k**2 - k + 72. What is the units digit of g(0)?
2
Let u(x) = -1. Let r(l) = -8*l - 1. Let k(a) = -r(a) + 6*u(a). What is the units digit of k(4)?
7
Let h(v) = -9*v**2 + 2*v + 1. Let a(f) = f**2. Let s(n) = -5*a(n) - h(n). What is the units digit of s(-1)?
5
Suppose -4*c = -w - w - 6, 4*c + w - 15 = 0. Suppose -4*v + 3*g = -26, -16 = -c*v + 3*g + 2. What is the units digit of v?
8
Suppose -5*k + 86 = 11. Suppose -3*l + k - 6 = 0. What is the units digit of l?
3
What is the tens digit of (3/5)/(2 - 1854/930)?
9
Let i(u) be the third derivative of u**4/12 - 7*u**3/6 - u**2. Let j = -15 - -23. What is the units digit of i(j)?
9
Let y = -7 - -13. What is the units digit of 3/9 - (-58)/y?
0
Let g = -4 + 21. What is the units digit of 3*(-1 - g/(-3))?
4
Suppose 0 = -4*r - 125 + 1. Let i = -7 - r. What is the units digit of i?
4
Let p(r) = -r**3 + 8*r**2 - 8*r + 8. Let x be p(7). What is the tens digit of -1 + (-77 - x)/(-2)?
3
Let k(c) = 6*c**3 - 5*c**2 + c + 2. What is the tens digit of k(3)?
2
Let x(b) = 0*b**3 + 12*b**2 + 2*b - 8 + b**3 + 7*b. What is the units digit of x(-11)?
4
Let g = 0 + 3. Suppose -2*d = g*d - 20. Suppose 0*v + y = -d*v + 7, 14 = 5*v - 4*y. What is the units digit of v?
2
Suppose -5*r - 4*b = -8*b - 559, 4*r - 3*b = 448. What is the hundreds digit of r?
1
Let t(h) = 5*h - 3. Let q(g) = 11*g - 7. Let v(r) = -2*q(r) + 5*t(r). Let n be v(1). Suppose 11 = n*a - a. What is the tens digit of a?
1
Suppose -8*a - 312 = -12*a. What is the tens digit of a?
7
Suppose 3*i = 2*s + i - 538, -3*s - i = -807. What is the hundreds digit of s?
2
Let i(v) = v**2 - 4*v - 4. What is the units digit of i(-2)?
8
Let l(x) = -5*x**2 - 2*x - 5 + 2*x**2 + x**3 - 2*x**2. Let s be l(5). Let c = -8 - s. What is the units digit of c?
7
Let z = 51 + -15. What is the tens digit of z?
3
Suppose 2*l - 40 = 7*l. Let p be l/(-5)*(-20)/(-8). Suppose -4*d - h = -24, -8*h = -p*h - 16. What is the units digit of d?
5
Let q(g) be the third derivative of 0 - 1/6*g**3 - 1/24*g**4 - 4*g**2 + 0*g. What is the units digit of q(-6)?
5
Let a(o) = 3*o - 6. Let y be a(4). Let d = y - 4. What is the units digit of d?
2
What is the units digit of 45 - (-2 + (-4 - -5))?
6
Let j(m) = 2*m**2 - 4*m - 8. What is the units digit of j(6)?
0
Suppose -4 = -2*y + 30. Let k = y + -7. What is the units digit of k?
0
Let o be 1/5 - (-45)/25. Suppose x - o = -x. What is the units digit of x?
1
Let h be 38/8 - 1/(-4). Let u be h + (3*2)/(-3). What is the units digit of (24/9)/(2/u)?
4
Let g = 2 + 6. Suppose 9*l = g*l + 9. What is the units digit of l?
9
Let v(j) = -j**3 + 3*j**2 - 4*j + 2. Let r be v(3). What is the units digit of (r - -33)/(2 + -1)?
3
Let l = 0 + 0. Suppose 2*h - 6 = p + 25, l = 4*h + p - 47. What is the units digit of h?
3
Let g(z) = z**2 + 3*z - 1. Let f = 19 - 13. What is the units digit of g(f)?
3
What is the tens digit of (-531)/(-5) - 16/(-20)?
0
Suppose -4*t + 46 = -5*c, c - 6*c = t + 51. Suppose -2*f + 6*f = 32. What is the units digit of (f/c)/((-2)/10)?
4
Let v(n) = -n + 14. What is the units digit of v(6)?
8
Suppose 